?
32975783
List the prime factors of 59970539.
59970539
What are the prime factors of 333629431?
293, 1138667
List the prime factors of 2061165694.
2, 7, 41, 269, 1907
List the prime factors of 1549197310.
2, 5, 9091, 17041
List the prime factors of 1413184554.
2, 3, 113, 694781
What are the prime factors of 917265358?
2, 458632679
What are the prime factors of 929902499?
17, 54700147
What are the prime factors of 1236278174?
2, 89, 1201, 5783
List the prime factors of 32348565.
3, 5, 79873
List the prime factors of 86615047.
79, 1096393
What are the prime factors of 43126996?
2, 11, 980159
What are the prime factors of 2208346701?
3, 11, 1723, 38839
List the prime factors of 29503105.
5, 19, 310559
What are the prime factors of 7239363734?
2, 61, 1297, 45751
List the prime factors of 861286410.
2, 3, 5, 9569849
What are the prime factors of 196155058?
2, 11, 59, 151121
What are the prime factors of 6233087237?
13, 19, 163, 11909
What are the prime factors of 16784002?
2, 431, 19471
What are the prime factors of 104413633?
104413633
List the prime factors of 26337476.
2, 11, 31, 19309
What are the prime factors of 109583852?
2, 7, 829, 4721
What are the prime factors of 24455488?
2, 382117
List the prime factors of 212900263.
19, 1289, 8693
List the prime factors of 355562948.
2, 13, 1637, 4177
What are the prime factors of 40406394?
2, 3, 7, 233, 4129
List the prime factors of 966771573.
3, 5333, 60427
What are the prime factors of 109275374?
2, 13, 4202899
What are the prime factors of 6330483746?
2, 3165241873
List the prime factors of 1708759049.
37, 2791, 16547
List the prime factors of 4761049431.
3, 19, 83527183
List the prime factors of 1267316083.
11, 115210553
What are the prime factors of 59065634?
2, 29, 379, 2687
List the prime factors of 1945954362.
2, 3, 11, 277, 106441
What are the prime factors of 845887613?
845887613
What are the prime factors of 1546922283?
3, 515640761
What are the prime factors of 43785591?
3, 17, 401, 2141
What are the prime factors of 48146755?
5, 277, 34763
List the prime factors of 65049423.
3, 21683141
What are the prime factors of 3712204?
2, 928051
List the prime factors of 8212975.
5, 328519
What are the prime factors of 2107098954?
2, 3, 23, 31, 54727
What are the prime factors of 1243191331?
23, 479, 112843
List the prime factors of 31830893.
29, 31, 35407
What are the prime factors of 1524759618?
2, 3, 43, 47, 125743
List the prime factors of 2010492621.
3, 223388069
What are the prime factors of 147846461?
7, 23, 918301
List the prime factors of 73832163.
3, 24610721
List the prime factors of 171536672.
2, 5360521
What are the prime factors of 1567830101?
5827, 269063
List the prime factors of 4059139204.
2, 397, 2556133
List the prime factors of 3229704905.
5, 7, 941, 14009
What are the prime factors of 44352966?
2, 3, 7, 17, 62119
What are the prime factors of 2365464939?
3, 788488313
List the prime factors of 46944312.
2, 3, 197, 9929
What are the prime factors of 1298037213?
3, 11, 251, 52237
List the prime factors of 253163394.
2, 3, 11, 142067
What are the prime factors of 1667051779?
1667051779
What are the prime factors of 16519029?
3, 5506343
What are the prime factors of 24606243?
3, 2734027
List the prime factors of 279049396.
2, 69762349
List the prime factors of 14760670.
2, 5, 1476067
List the prime factors of 3121771893.
3, 991, 1050041
List the prime factors of 134145881.
59, 2273659
What are the prime factors of 58015855?
5, 11603171
What are the prime factors of 368462765?
5, 11, 2203, 3041
List the prime factors of 47922165.
3, 5, 354979
List the prime factors of 178708980.
2, 3, 5, 2978483
List the prime factors of 15432924.
2, 3, 13, 98929
List the prime factors of 422346186.
2, 3, 23463677
List the prime factors of 167043093.
3, 7, 1277, 6229
List the prime factors of 4293676626.
2, 3, 509, 1405919
What are the prime factors of 2211992772?
2, 3, 11, 47, 32413
List the prime factors of 655866209.
655866209
What are the prime factors of 52852860?
2, 3, 5, 479, 613
What are the prime factors of 60301961?
109, 553229
What are the prime factors of 9372847?
11, 617, 1381
What are the prime factors of 2122737619?
37, 773, 74219
What are the prime factors of 500097006?
2, 3, 27783167
What are the prime factors of 2499118593?
3, 53, 193, 81439
What are the prime factors of 119455191?
3, 13272799
What are the prime factors of 637149479?
31, 149, 137941
List the prime factors of 7471606817.
48533, 153949
What are the prime factors of 49823837?
7, 145259
What are the prime factors of 566632176?
2, 3, 11, 643, 1669
List the prime factors of 4314037816.
2, 11, 71, 690467
List the prime factors of 3388758420.
2, 3, 5, 4093, 13799
What are the prime factors of 1684153246?
2, 17, 349, 141931
List the prime factors of 397884967.
59, 73, 92381
What are the prime factors of 453826508?
2, 167, 679381
List the prime factors of 287439213.
3, 17, 29, 109, 1783
What are the prime factors of 36132921?
3, 11, 364979
List the prime factors of 806871338.
2, 7, 13, 633337
List the prime factors of 65003910.
2, 3, 5, 2166797
List the prime factors of 2171506879.
31, 857, 81737
List the prime factors of 74344030.
2, 5, 277, 26839
What are the prime factors of 5440255033?
18191, 299063
List the prime factors of 127927834.
2, 63963917
List the prime factors of 57875225.
5, 17, 136177
What are the prime factors of 38751047?
29, 557, 2399
List the prime factors of 62689156.
2, 3529, 4441
List the prime factors of 597508009.
7, 107, 113963
What are the prime factors of 1727741026?
2, 11, 78533683
What are the prime factors of 1582648851?
3, 7, 4657, 16183
List the prime factors of 47405985.
3, 5, 11, 26119
List the prime factors of 121284841.
1621, 74821
List the prime factors of 30820003.
30820003
What are the prime factors of 817524691?
181, 4516711
What are the prime factors of 1216258983?
3, 2111, 2371
List the prime factors of 93328861.
17, 71, 77323
List the prime factors of 132571807.
6229, 21283
What are the prime factors of 45868443?
3, 101, 151381
List the prime factors of 1249182873.
3, 19, 47, 3307
List the prime factors of 247593543.
3, 71, 257, 4523
List the prime factors of 131232840.
2, 3, 5, 251, 4357
What are the prime factors of 91197835?
5, 18239567
What are the prime factors of 3938232527?
34613, 113779
What are the prime factors of 742023469?
11, 173, 389923
List the prime factors of 4628720083.
13, 356055391
List the prime factors of 6059037.
3, 2019679
List the prime factors of 872479141.
872479141
What are the prime factors of 5479561?
859, 6379
What are the prime factors of 43891580?
2, 5, 2194579
What are the prime factors of 97222588?
2, 1669, 14563
List the prime factors of 591140048.
2, 17, 619, 3511
List the prime factors of 102120487.
7, 1723, 8467
What are the prime factors of 455801966?
2, 71, 907, 3539
What are the prime factors of 480632138?
2, 7, 29, 67, 17669
List the prime factors of 124088510.
2, 5, 7, 13, 136361
What are the prime factors of 523104540?
2, 3, 5, 7, 31, 40177
List the prime factors of 1562933975.
5, 29, 31, 197, 353
List the prime factors of 369420133.
369420133
What are the prime factors of 3179250674?
2, 18523, 85819
What are the prime factors of 452818033?
241, 1878913
What are the prime factors of 3574662560?
2, 5, 7, 71, 44953
What are the prime factors of 1162841300?
2, 5, 11628413
What are the prime factors of 3544881149?
29, 8069, 15149
List the prime factors of 2444717890.
2, 5, 244471789
List the prime factors of 205418199.
3, 7, 193, 50683
What are the prime factors of 2429331226?
2, 7, 223, 337, 2309
List the prime factors of 50466111.
3, 16822037
What are the prime factors of 1282662176?
2, 2539, 15787
What are the prime factors of 488026707?
3, 7, 31, 37, 20261
List the prime factors of 28222289.
28222289
List the prime factors of 6704387.
139, 347
List the prime factors of 539473015.
5, 107894603
What are the prime factors of 3851036798?
2, 7, 359, 766223
List the prime factors of 86354912.
2, 7, 73, 5281
List the prime factors of 699342083.
11, 63576553
What are the prime factors of 30838770?
2, 3, 5, 342653
List the prime factors of 659523309.
3, 439, 500777
List the prime factors of 748698225.
3, 5, 11, 907513
List the prime factor